n 210081 is divided by 174.
63
Calculate the remainder when 1109 is divided by 826.
283
What is the remainder when 761697 is divided by 23?
6
Calculate the remainder when 15897 is divided by 15731.
166
What is the remainder when 6549 is divided by 3253?
43
What is the remainder when 6696 is divided by 6334?
362
Calculate the remainder when 538 is divided by 342.
196
Calculate the remainder when 68628 is divided by 225.
3
What is the remainder when 2628449 is divided by 6?
5
What is the remainder when 463 is divided by 157?
149
Calculate the remainder when 138288 is divided by 10.
8
What is the remainder when 7285 is divided by 517?
47
What is the remainder when 119570 is divided by 808?
794
Calculate the remainder when 383 is divided by 325.
58
What is the remainder when 21882 is divided by 304?
298
Calculate the remainder when 349 is divided by 122.
105
Calculate the remainder when 176481 is divided by 58827.
0
Calculate the remainder when 12670 is divided by 4222.
4
What is the remainder when 1423678 is divided by 30?
28
What is the remainder when 1660 is divided by 1542?
118
Calculate the remainder when 1484 is divided by 203.
63
What is the remainder when 4124 is divided by 33?
32
Calculate the remainder when 25942 is divided by 13.
7
What is the remainder when 891 is divided by 741?
150
What is the remainder when 1219 is divided by 259?
183
Calculate the remainder when 153821 is divided by 38.
35
Calculate the remainder when 71408 is divided by 52.
12
Calculate the remainder when 132927 is divided by 288.
159
Calculate the remainder when 1993 is divided by 296.
217
What is the remainder when 11988 is divided by 281?
186
What is the remainder when 4409 is divided by 66?
53
What is the remainder when 1041297 is divided by 468?
465
Calculate the remainder when 68171 is divided by 22722.
5
What is the remainder when 12012 is divided by 2400?
12
Calculate the remainder when 944256 is divided by 163.
160
What is the remainder when 13814 is divided by 6902?
10
What is the remainder when 231209 is divided by 2312?
9
What is the remainder when 2606 is divided by 1299?
8
Calculate the remainder when 59465 is divided by 190.
185
What is the remainder when 46810 is divided by 498?
496
What is the remainder when 2472 is divided by 131?
114
Calculate the remainder when 67722 is divided by 225.
222
Calculate the remainder when 13107 is divided by 2044.
843
Calculate the remainder when 132251 is divided by 18892.
7
What is the remainder when 79158 is divided by 12?
6
What is the remainder when 26599 is divided by 5?
4
Calculate the remainder when 4062 is divided by 120.
102
Calculate the remainder when 2726 is divided by 143.
9
Calculate the remainder when 409296 is divided by 25.
21
What is the remainder when 42305 is divided by 2211?
296
Calculate the remainder when 73943 is divided by 291.
29
What is the remainder when 8271 is divided by 2747?
30
Calculate the remainder when 8716 is divided by 2463.
1327
Calculate the remainder when 1209 is divided by 370.
99
Calculate the remainder when 66478 is divided by 13272.
118
What is the remainder when 2542 is divided by 1237?
68
Calculate the remainder when 2103 is divided by 101.
83
What is the remainder when 912464 is divided by 456216?
32
Calculate the remainder when 367996 is divided by 16.
12
What is the remainder when 3365 is divided by 438?
299
Calculate the remainder when 406210 is divided by 401.
398
What is the remainder when 204 is divided by 3?
0
Calculate the remainder when 3527 is divided by 363.
260
Calculate the remainder when 21103 is divided by 11.
5
What is the remainder when 109619 is divided by 27?
26
What is the remainder when 22104 is divided by 7366?
6
Calculate the remainder when 9211 is divided by 2245.
231
Calculate the remainder when 12511 is divided by 174.
157
What is the remainder when 190589 is divided by 10588?
5
What is the remainder when 10225 is divided by 4632?
961
What is the remainder when 617673 is divided by 37?
32
Calculate the remainder when 6937 is divided by 348.
325
Calculate the remainder when 128873 is divided by 16109.
1
Calculate the remainder when 278351 is divided by 12.
11
Calculate the remainder when 368366 is divided by 184.
182
Calculate the remainder when 868 is divided by 426.
16
Calculate the remainder when 3635367 is divided by 44.
43
What is the remainder when 46803 is divided by 9354?
33
Calculate the remainder when 14890 is divided by 12.
10
Calculate the remainder when 22614 is divided by 41.
23
Calculate the remainder when 12653390 is divided by 152.
150
What is the remainder when 12732 is divided by 672?
636
Calculate the remainder when 70673 is divided by 25.
23
What is the remainder when 181661 is divided by 39?
38
What is the remainder when 15696 is divided by 50?
46
What is the remainder when 27130 is divided by 84?
82
What is the remainder when 1064607 is divided by 135?
132
What is the remainder when 4835 is divided by 13?
12
What is the remainder when 7899 is divided by 219?
15
Calculate the remainder when 78267 is divided by 2896.
75
What is the remainder when 3965 is divided by 1321?
2
What is the remainder when 38226 is divided by 390?
6
What is the remainder when 1639 is divided by 17?
7
What is the remainder when 52970 is divided by 41?
39
Calculate the remainder when 6655 is divided by 3292.
71
What is the remainder when 22918 is divided by 533?
532
Calculate the remainder when 4603 is divided by 2262.
79
What is the remainder when 5146 is divided by 1179?
430
Calculate the remainder when 54579 is divided by 20.
19
What is the remainder when 53020 is divided by 851?
258
Calculate the remainder when 31195 is divided by 15589.
17
What is the remainder when 6929 is divided by 145?
114
Calculate the remainder when 1423 is divided by 284.
3
What is the remainder when 1749 is divided by 905?
844
Calculate the remainder when 122783 is divided by 58.
55
What is the remainder when 2295072 is divided by 40?
32
What is the remainder when 9896 is divided by 2456?
72
What is the remainder when 712256 is divided by 236?
8
What is the remainder when 6071 is divided by 851?
114
Calculate the remainder when 4024 is divided by 2.
0
What is the remainder when 59245 is divided by 638?
549
Calculate the remainder when 4769 is divided by 710.
509
What is the remainder when 6231 is divided by 158?
69
Calculate the remainder when 727847 is divided by 9.
8
What is the remainder when 1491254 is divided by 497079?
17
Calculate the remainder when 2751 is divided by 1234.
283
Calculate the remainder when 9011 is divided by 143.
2
What is the remainder when 116719 is divided by 822?
817
Calculate the remainder when 1680 is divided by 100.
80
Calculate the remainder when 16699 is divided by 219.
55
What is the remainder when 13615 is divided by 13613?
2
Calculate the remainder when 83 is divided by 28.
27
Calculate the remainder when 3408 is divided by 996.
420
What is the remainder when 8269 is divided by 47?
44
Calculate the remainder when 1793 is divided by 460.
413
Calculate the remainder when 38749 is divided by 174.
121
What is the remainder when 16080 is divided by 258?
84
Calculate the remainder when 14253 is divided by 323.
41
Calculate the remainder when 3359 is divided by 545.
89
Calculate the remainder when 16423 is divided by 108.
7
What is the remainder when 1985 is divided by 1948?
37
Calculate the remainder when 11047 is divided by 85.
82
Calculate the remainder when 94173 is divided by 434.
429
What is the remainder when 1688523 is divided by 7?
4
What is the remainder when 35374 is divided by 924?
262
Calculate the remainder when 275 is divided by 26.
15
What is the remainder when 776 is divided by 238?
62
What is the remainder when 3869 is divided by 1276?
41
What is the remainder when 1670839 is divided by 85?
79
What is the remainder when 19943 is divided by 6534?
341
What is the remainder when 7539 is divided by 74?
65
What is the remainder when 9000 is divided by 38?
32
Calculate the remainder when 36425 is divided by 69.
62
Calculate the remainder when 8732 is divided by 16.
12
What is the remainder when 263577 is divided by 51?
9
Calculate the remainder when 60489 is divided by 52.
13
Calculate the remainder when 4422 is divided by